n factor of 54 and z?
54
Suppose 3*q - r - 45 = 3*r, -2*r = 5*q - 75. Calculate the greatest common factor of q and 390.
15
Suppose 0 = -4*v - 2*v + 114. Let o(z) = 2*z**2 - 25*z + 28. Let m be o(v). What is the highest common factor of m and 25?
25
Suppose -m + 2*y + 29 = 4*m, 0 = -m - y + 10. Let l = -8 - -9. Let h be (l - 0) + 0/(-2). Calculate the highest common divisor of h and m.
1
Suppose 2*b - 4 = -3*f + 3, 2*b = -2*f + 4. Suppose -2*h + 8*i - f = 3*i, -i = -3. Let r be (-36)/7*(-70)/15. What is the highest common factor of r and h?
6
Suppose 5 = f + 5*d, 3*f - 2*f = 4*d + 14. Let s(l) = -6*l - 2. Let y be s(-2). Calculate the highest common factor of y and f.
10
Let p(l) = -l**3 + 7*l**2 + 2*l + 14. Let c be p(-10). What is the greatest common divisor of 14 and c?
14
Let b be 1/((-2)/(-46)) + -3. Let a(r) = 7*r - 2. Let k be a(6). Calculate the highest common divisor of k and b.
20
Let z be (-1)/(-3) - (1088/(-12))/4. Suppose -l + 47 + 142 = j, 0 = 3*j - 5*l - 527. Calculate the greatest common factor of z and j.
23
Let w = 543 - 386. Suppose -4*l - 5 = 47. Let n = w + l. Calculate the greatest common divisor of n and 16.
16
Let b(y) = -18 + 2 - 11*y + 15*y. Let l be b(8). Suppose 3*d + 2*d = 10. Calculate the greatest common divisor of d and l.
2
Let z = 41 - 28. Let h(j) = 16*j**2 - j - 4. Let w be (2/4)/(6/(-36)). Let k be h(w). What is the highest common divisor of k and z?
13
Suppose 28 = -8*r + r. Let z be -5 - -23 - (r + 8). Let m = -50 - -78. What is the highest common factor of m and z?
14
Suppose -29*h + 23*h + 96 = 0. Calculate the greatest common divisor of 208 and h.
16
Suppose -i = -2*i + 23. Let b(h) = -7*h**2 - 186*h + 242. Let t be b(-27). Calculate the greatest common factor of i and t.
23
Let u = 120 - 116. Suppose 0 = 15*g - 11*g + 5*v + 5, -4*g + 40 = -u*v. What is the highest common factor of g and 20?
5
Suppose 15*i + 23*i - 38 = 0. What is the greatest common divisor of i and 19?
1
Let p be 3/((-18)/(-20)) - (-92)/(-69). Calculate the greatest common divisor of 8 and p.
2
Let f be 7/((-35)/(-40)) + -1. Suppose 3*v + 4*p = -f + 37, v + p = 9. Suppose -m - k + 4 = k, 3*m - 9 = -3*k. Calculate the greatest common factor of v and m.
2
Suppose -3*y - 1553 = 9*h - 14*h, 0 = h + y - 309. Calculate the highest common divisor of 10 and h.
10
Let i(a) = -5*a**3 - a**2 + 2*a. Let z be i(-2). Suppose z*x + 12 = 34*x. What is the highest common divisor of x and 12?
6
Let z(k) = -48*k - 13. Let i be z(9). Let x be i/(-15) + (-4)/(-12). Calculate the highest common divisor of x and 45.
15
Let s be (2/(-14))/((-4)/84). What is the highest common divisor of s and 369?
3
Let g(m) = 4*m + 52. Suppose 3*l - 1 = -37. Let z be g(l). Suppose 0 = -0*v + 4*v - 112. Calculate the highest common factor of v and z.
4
Suppose -3*s + 7*s + 4 = g, 2*g = -5*s + 60. Suppose 0 = -0*j + 5*j. Let w be ((2 - j) + 3)/1. Calculate the greatest common divisor of g and w.
5
Let q(l) = -l**3 - 14*l**2 - 49*l - 6. Let b be q(-10). Calculate the greatest common factor of b and 168.
84
Suppose -3*k = 0, 2*d - 11 - 7 = -5*k. Let u = 47 + -20. What is the highest common factor of u and d?
9
Let t be 9/27 + (-1767)/9. Let h = -104 - t. Calculate the greatest common divisor of h and 230.
46
Let k be (-1)/(-2*(-2)/(-72)). Let r(x) = x**2 - 8*x - 6. Let n be r(12). Suppose 9*p - n = 2*p. What is the highest common divisor of p and k?
6
Let l(x) = -2*x - 1. Suppose 2*m + 2*v = 5*v - 5, 0 = 2*m - 5*v + 3. Let t be l(m). Let r = 88 - 81. What is the greatest common factor of t and r?
7
Suppose 37 - 78 = -5*v + 2*l, 4*v - l = 34. Let m be (-4)/6 + (-706)/(-6). Calculate the highest common divisor of m and v.
9
Let l = 835 - 796. What is the greatest common factor of 81 and l?
3
Suppose 11*u - 5*x + 8 = 10*u, 2*x - 6 = -u. Suppose -2*r + u = 0, -3*i = 5*r - 13 - 4. What is the greatest common divisor of 36 and i?
4
Let y(m) = m**3 + 2*m**2 - m + 1. Let d be y(-2). Suppose 4*t - d*n - 112 = 2*n, 2*n = -4*t + 112. What is the highest common divisor of t and 21?
7
Let d be 3/6*80*2. Calculate the greatest common factor of 720 and d.
80
Suppose 84 + 483 = 9*l. Calculate the greatest common factor of l and 14.
7
Let b = -10 - 4. Suppose -x + 3 = -4*a, -3*a + 15 = 2*x - 8*a. Let d = b + x. Calculate the greatest common factor of 11 and d.
1
Suppose -z + 8 = 3*z. Suppose -s - z*s = 4*a - 93, 140 = 5*a - s. Suppose 3*d = 861 + 30. What is the highest common factor of a and d?
27
Let p be (45/10 - 4)/(2/80). Suppose -2*u = p*u - 132. What is the highest common factor of u and 2?
2
Let c(h) = 51*h + 2. Let f be c(1). Let t = -11 + f. What is the highest common factor of 6 and t?
6
Suppose 0 = 9*u - 16*u + 105. Let t be 5/((-5)/(-180)*u). Calculate the greatest common divisor of t and 108.
12
Let m = -312 - -352. Calculate the greatest common factor of m and 136.
8
Let u be (-518)/(-182) - (-4)/26. Suppose 0*t - 300 = -u*t. Calculate the highest common factor of t and 20.
20
Let s = 3 - 0. Suppose -j + 4 = 4*l + 2, 4*j = -s*l + 8. Let t be 1/(-2 + 13/6). Calculate the greatest common factor of t and j.
2
Suppose -y - 65 = -2*n, -6*n + 7*n = 2*y + 40. Suppose 0 = 2*f - 45 - 35. Calculate the greatest common divisor of f and n.
10
Suppose d + 0*o - 12 = 4*o, 68 = 3*d - 4*o. Let k be -2 + (-7)/(d/(-24)). Suppose v - 4 = -v. Calculate the greatest common divisor of k and v.
2
Let d be ((-39)/12)/(2/(-8)). Suppose 50 = 3*n - 886. Suppose m - n = -5*m. Calculate the greatest common factor of m and d.
13
Let u(p) = p**3 + 18*p**2 + 25. Let h be u(-18). Let t = 426 + -151. What is the highest common divisor of h and t?
25
Suppose -190*g + 187*g = -45. Calculate the greatest common divisor of g and 120.
15
Let l = 45 + 3. Let g = 493 - 477. Calculate the greatest common divisor of g and l.
16
Suppose -5*v + 160 = -40. Suppose 163*m - 79*m - 93*m + 180 = 0. Calculate the greatest common factor of v and m.
20
Suppose -7*v = -120 - 111. Let h = 31 - 22. Let r = h - -2. What is the highest common divisor of r and v?
11
Let z = -10 - -16. Let p = 6 - 3. Let t be (-8)/20*(-180)/p. Calculate the highest common divisor of t and z.
6
Suppose -5*b + 5 = -0*b, -4*b - 65 = -3*i. Let w = 27 - i. Let p be w*(-2)/4 + 4. What is the highest common factor of 6 and p?
2
Let p(c) = 4*c**2 - c - 2. Let r be p(-2). Let n be (-269960)/(-2108) + 2/(-31). What is the greatest common divisor of r and n?
16
Let x = -50 + 55. Let f = 20 - x. Calculate the highest common divisor of f and 45.
15
Suppose -5*c + 30 + 0 = 0. Let r = c + -4. Suppose 51 = 5*z - r*z. Calculate the greatest common factor of 34 and z.
17
Suppose -y - 42 = -3*y. Let q be 6/y - (-94)/14. Suppose 8 = 2*u + 2, 138 = 2*r + 4*u. Calculate the greatest common divisor of q and r.
7
Suppose k = -2*d + 19, -d - 64 = k - 4*k. What is the highest common factor of k and 567?
21
Suppose -3*c + 0*c = 0. Suppose -5*g + c + 50 = 0. What is the highest common divisor of 70 and g?
10
Let j(b) = -23*b + 337. Let x be j(14). Let h = 195 - 60. Calculate the highest common factor of x and h.
15
Suppose 0 = -l + 12 + 2. Suppose -d + 5*d - 144 = 0. Let c = -8 + d. What is the highest common factor of l and c?
14
Let q be (-2)/(-2)*-4 + -1 + 96. What is the greatest common factor of q and 49?
7
Suppose 0 = -5*m - 2*x + 32, 4*m = x + 21 + 2. Suppose 4*n - 244 = -5*d, 4*d - 2*n - 137 - 53 = 0. What is the highest common divisor of m and d?
6
Let u be -4 + -1*(2 - 11). Suppose -4*s = 5*k - k - 252, u*k + 2*s = 315. Let v be (-5)/10*(-1 - k). What is the greatest common divisor of 288 and v?
32
Let n = -648 + 678. Calculate the greatest common factor of 255 and n.
15
Let w = 419 - 253. Let z be (-12)/20 - w/(-10). What is the highest common factor of 176 and z?
16
Suppose 0 = 2*g + q + 5145, 4*g + 2*q = -2*q - 10292. Let b be (-8)/(-44) - g/11. Calculate the highest common divisor of 26 and b.
26
Suppose -4*q - 4*f + 212 = 0, 5*q + 2*f + 65 = 333. Let p(g) = 10*g**2 + g + 6. Let t be p(-4). What is the highest common factor of q and t?
54
Let q(z) = -183*z - 843. Let m be q(-5). Calculate the highest common factor of m and 16.
8
Suppose 28 = 3*f - 29. Calculate the greatest common factor of f and 76.
19
Let a be (-2)/(-5) + 594/(-45)*-13. Calculate the highest co